, what is -857936 - -3?
-857933
In base 13, what is -10 - -22426?
22416
In base 16, what is -15 + 85?
70
In base 10, what is 15822 + 121?
15943
In base 6, what is -10 - -515232?
515222
In base 16, what is -3 + 3dab?
3da8
In base 16, what is 9 - 986?
-97d
In base 14, what is 78623 + 0?
78623
In base 11, what is 44626 + 20?
44646
In base 5, what is -3241 + 212?
-3024
In base 13, what is 10cc5 - 5?
10cc0
In base 5, what is 4400 - -31242?
41142
In base 5, what is 2241021 - -10?
2241031
In base 3, what is 101121011 + -10?
101121001
In base 2, what is 1001101 - 1110010?
-100101
In base 4, what is 3 - -203012?
203021
In base 3, what is 20222 - -1211000?
2001222
In base 16, what is -5 + -31a7?
-31ac
In base 9, what is 70171 + 3?
70174
In base 3, what is 121121211001 + -2?
121121210222
In base 4, what is -3 - 322300120?
-322300123
In base 14, what is 64b5 - -2?
64b7
In base 13, what is -5a986 - c?
-5a995
In base 10, what is -155667 - 4?
-155671
In base 15, what is -11 + a46?
a35
In base 16, what is -2385 + -2e?
-23b3
In base 15, what is -1 + -ed0?
-ed1
In base 10, what is -951 - 157?
-1108
In base 13, what is 8b + 3017?
30a5
In base 8, what is -157117 - -4?
-157113
In base 12, what is -3322 + -9?
-332b
In base 7, what is -12263 - -31?
-12232
In base 12, what is -10818 + b?
-10809
In base 3, what is 11 - -211211200?
211211211
In base 14, what is -cd712 + 1?
-cd711
In base 12, what is -1 + -3239a?
-3239b
In base 9, what is -1127 - -182?
-835
In base 15, what is -30a + -13?
-31d
In base 7, what is -13510 - -461?
-13016
In base 16, what is 1e62 + -3d?
1e25
In base 15, what is 92dd - 3?
92da
In base 3, what is -12112 + 10010020?
2220201
In base 15, what is -4ae - -2b?
-483
In base 4, what is -203301011 - 0?
-203301011
In base 5, what is 2203312 + 2?
2203314
In base 5, what is -3031340 - 11?
-3031401
In base 10, what is -7641 - 44?
-7685
In base 15, what is -1 - -329d?
329c
In base 6, what is -155 - 1420?
-2015
In base 7, what is 102235 + 4?
102242
In base 12, what is -3793 + -9?
-37a0
In base 14, what is -12 - 29ca?
-29dc
In base 2, what is -1111 + 1100001111?
1100000000
In base 5, what is 101 - -134120?
134221
In base 5, what is 10 - -103433444?
103434004
In base 14, what is -3 - -26845d?
26845a
In base 12, what is -6352 + -12?
-6364
In base 11, what is -1a5 - -a6?
-aa
In base 9, what is 2457 - 51?
2406
In base 5, what is -21142 + 1213?
-14424
In base 11, what is -34613 + -4?
-34617
In base 4, what is -30 + -222211011?
-222211101
In base 11, what is -9 - 19a6?
-1a04
In base 4, what is 11 - 3232333213?
-3232333202
In base 4, what is 112 - -102000222?
102001000
In base 12, what is 738b70 - -1?
738b71
In base 14, what is -56b + -da?
-667
In base 15, what is -4b - -117b?
1130
In base 14, what is 0 + 3aa9?
3aa9
In base 12, what is -4 - 5a50?
-5a54
In base 15, what is -62d9 - -5d?
-627b
In base 12, what is -19 - a458?
-a475
In base 11, what is -20610 + -11?
-20621
In base 15, what is -4a165 + 4?
-4a161
In base 15, what is 3a + 3d5?
420
In base 5, what is -234221403 - -3?
-234221400
In base 13, what is -263 - 3?
-266
In base 10, what is 18001 - 44?
17957
In base 2, what is -110011001 - 0?
-110011001
In base 4, what is -231123 + -1213?
-233002
In base 15, what is 2aa496 + 3?
2aa499
In base 4, what is 21 + 322110032?
322110113
In base 16, what is -5e89b + 1?
-5e89a
In base 11, what is 56 - -6310?
6366
In base 9, what is 3212 + -11?
3201
In base 12, what is -114 + 4?
-110
In base 12, what is -3a - 5243?
-5281
In base 13, what is -3706 + 1?
-3705
In base 11, what is -68aa4 - -12?
-68a92
In base 4, what is 20 + -121212?
-121132
In base 4, what is 21133 - -13111?
100310
In base 13, what is -347b - -22?
-3459
In base 2, what is 100001001010 - -111?
100001010001
In base 10, what is 3 - -1064780?
1064783
In base 9, what is -44302 - 6?
-44308
In base 13, what is -43c9 + 6?
-43c3
In base 3, what is 10 - -12102111111?
12102111121
In base 13, what is -21 - -5471?
5450
In base 5, what is -10 - -1030434?
1030424
In base 6, what is 131213 + -20?
131153
In base 7, what is 3 + 52236?
52242
In base 3, what is 11 - -112112210?
112112221
In base 13, what is 47 - a68?
-a21
In base 13, what is 55b - -18?
576
In base 3, what is -11012010 - -1002002?
-10010001
In base 7, what is -3614 - 16?
-3633
In base 10, what is 5099 + -32?
5067
In base 15, what is e004 + 3?
e007
In base 9, what is -4602 + -22?
-4624
In base 12, what is -4815 + -26?
-483b
In base 8, what is 254 + -31?
223
In base 6, what is -341340 - -5?
-341331
In base 16, what is -5 + -154697?
-15469c
In base 2, what is 1100 - 10100010111101?
-10100010110001
In base 11, what is 299 + 7?
2a5
In base 11, what is -3 + 3a087?
3a084
In base 5, what is 3002 + 210?
3212
In base 9, what is 1 - -171331?
171332
In base 13, what is -1 - 1b43?
-1b44
In base 2, what is 10011101110011111000 + -100?
10011101110011110100
In base 16, what is 0 - 1ff5?
-1ff5
In base 13, what is 2747b + 3?
27481
In base 8, what is -64 - 5?
-71
In base 2, what is -111110101 - 11100?
-1000010001
In base 8, what is 334430 - 2?
334426
In base 9, what is 0 - -6663?
6663
In base 3, what is -12 - -1002212?
1002200
In base 16, what is -5 + 3c7b?
3c76
In base 8, what is -3 + 5150?
5145
In base 3, what is 11 + 100111220210?
100111220221
In base 9, what is -24 + -7436?
-7461
In base 16, what is 412a - -55?
417f
In base 8, what is 2 + -277740?
-277736
In base 12, what is -72b151 - 5?
-72b156
In base 16, what is -19c91 - 18?
-19ca9
In base 5, what is 1 - 110124143?
-110124142
In base 10, what is -28491 - -2?
-28489
In base 3, what is -1 - 11001220?
-11001221
In base 9, what is -6 - -1811701?
1811684
In base 3, what is 1 + -2011022122?
-2011022121
In base 8, what is 53576 + -3?
53573
In base 3, what is 11222 + -20122120?
-20110121
In base 3, what is -1001212020201 + -12?
-1001212020220
In base 4, what is 11 - 2003233?
-2003222
In base 16, what is 3 + -230b?
-2308
In base 12, what is -6ab700 + 3?
-6ab6b9
In base 14, what is -4641c - 0?
-4641c
In base 10, what is 2498 - -3?
2501
In base 5, what is 23324 - 0?
23324
In base 16, what is d04 - 0?
d04
In base 10, what is 2 + 40054?
40056
In base 10, what is 1212226 - -3?
1212229
In base 3, what is -10 + 2112110?
2112100
In base 6, what is -152430 - -4?
-152422
In base 14, what is 1936a + -4?
19366
In base 13, what is 3 - 12667?
-12664
In base 4, what is -1000 - -223?
-111
In base 11, what is 15376 - 123?
15253
In base 14, what is 20bc8 + 2?
20bca
In base 9, what is -1 + -1461?
-1462
In base 4, what is -103 + 20223?
20120
In base 2, what is -100101011011111 + 110?
-100101011011001
In base 3, what is 10101020002 - 2?
10101020000
In base 4, what is -10130312 - -223?
-10130023
In base 6, what is -4345 - 11505?
-20254
In base 10, what is 679 - 232?
447
In base 12, what is -2 + 78ab?
78a9
In base 11, what is -17a16 + 32?
-17994
In base 7, what is 5 + -606535?
-606530
In base 10, what is 117 + 634?
751
In base 11, what is -32 + -2997?
-2a19
In base 11, what is 4 + 45a?
463
In base 2, what is 100 + -111110001011101?
-111110001011001
In base 14, what is 10 - 6a9?
-699
In base 10, what is -6 - 4671?
-4677
In base 12, what is 655 + 8?
661
In base 4, what is 121232032 - 100?
121231332
In base 10, what is -57849 - 5?
-57854
In base 2, what is 1111 - -1010101101110?
1010101111101
In base 3, what is -100012020221 - 0?
-100012020221
In base 2, what is 110 + 11101101011001011?
11101101011010001
In base 2, what is -1100111010 + 11111001?
-1001000001
In base 12, what is 2243 + -1?
2242
In base 12, what is 499 - 2a49?
-2570
In base 8, what is -154 + 217220?
217044
In base 14, what is 167a - 16?
1664
In base 14, what is -d2536 - -6?
-d2530
In base 13, what is -35a + 447?
ba
In base 14, what is -1d - -516?
4d7
In base 8, what is 506 - 1360?
-652
In base 15, what is -4e9 + -126?
-620
In base 13, what is 7c141 + -7?
7c137
In base 7, what is -3 - 143241?
-143244
In base 4, what is -202 - 12133?
-13001
In base 11, what is -13 + 19a10?
199a8
In base 9, what is -2140 + -1866?
-4116
In base 2, what is 1111 + -11011010000110?
-11011001110111
In base 3, what is 22 - 111110211?
-111110112
In base 6, what is 3 - -2422430?
2422433
In base 8, what is -24236 + -14?
-24252
In base 16, what is -3c + -c?
-48
In base 4, what is 3231032 - -20?
3231112
In base 7, what is -1